193.50.153.20 - - [02/Jun/2004:05:45:01 -0700] "GET /dhofar696 HTTP/1.1" 200 1762 "http://goldnrocks.net/meteorites" "Mozilla/4.0 (compatible; MSIE 6.0; Windows 98)"
193.50.153.20 - - [02/Jun/2004:05:45:02 -0700] "GET /dho696b.jpg HTTP/1.1" 200 14390 "http://goldnrocks.net/dhofar696" "Mozilla/4.0 (compatible; MSIE 6.0; Windows 98)"
193.50.153.20 - - [02/Jun/2004:05:45:02 -0700] "GET /dho696a.jpg HTTP/1.1" 200 11949 "http://goldnrocks.net/dhofar696" "Mozilla/4.0 (compatible; MSIE 6.0; Windows 98)"
212.72.18.76 - - [02/Jun/2004:05:45:05 -0700] "GET /bra10.jpg HTTP/1.1" 200 13387 "http://goldnrocks.net/brahin" "Mozilla/4.0 (compatible; MSIE 5.5; Windows 98)"
212.72.18.76 - - [02/Jun/2004:05:45:06 -0700] "GET /bra14.jpg HTTP/1.1" 200 15041 "http://goldnrocks.net/brahin" "Mozilla/4.0 (compatible; MSIE 5.5; Windows 98)"
193.50.153.20 - - [02/Jun/2004:05:45:11 -0700] "GET /dhofar699 HTTP/1.1" 200 1939 "http://goldnrocks.net/meteorites" "Mozilla/4.0 (compatible; MSIE 6.0; Windows 98)"
193.50.153.20 - - [02/Jun/2004:05:45:11 -0700] "GET /dho6992.jpg HTTP/1.1" 200 10831 "http://goldnrocks.net/dhofar699" "Mozilla/4.0 (compatible; MSIE 6.0; Windows 98)"
193.50.153.20 - - [02/Jun/2004:05:45:11 -0700] "GET /dho6991.jpg HTTP/1.1" 200 10888 "http://goldnrocks.net/dhofar699" "Mozilla/4.0 (compatible; MSIE 6.0; Windows 98)"
212.72.18.76 - - [02/Jun/2004:05:45:12 -0700] "GET /canyondiablo HTTP/1.1" 200 1793 "http://goldnrocks.net/meteoritesiron" "Mozilla/4.0 (compatible; MSIE 5.5; Windows 98)"
193.50.153.20 - - [02/Jun/2004:05:45:12 -0700] "GET /dho6993.jpg HTTP/1.1" 200 13522 "http://goldnrocks.net/dhofar699" "Mozilla/4.0 (compatible; MSIE 6.0; Windows 98)"
212.72.18.76 - - [02/Jun/2004:05:45:13 -0700] "GET /cd2.jpg HTTP/1.1" 200 17313 "http://goldnrocks.net/canyondiablo" "Mozilla/4.0 (compatible; MSIE 5.5; Windows 98)"
212.72.18.76 - - [02/Jun/2004:05:45:13 -0700] "GET /cd1.jpg HTTP/1.1" 200 14385 "http://goldnrocks.net/canyondiablo" "Mozilla/4.0 (compatible; MSIE 5.5; Windows 98)"
193.50.153.20 - - [02/Jun/2004:05:45:17 -0700] "GET /ghubara HTTP/1.1" 200 1920 "http://goldnrocks.net/meteorites" "Mozilla/4.0 (compatible; MSIE 6.0; Windows 98)"
193.50.153.20 - - [02/Jun/2004:05:45:17 -0700] "GET /ghu2.jpg HTTP/1.1" 200 11392 "http://goldnrocks.net/ghubara" "Mozilla/4.0 (compatible; MSIE 6.0; Windows 98)"
193.50.153.20 - - [02/Jun/2004:05:45:17 -0700] "GET /ghu1.jpg HTTP/1.1" 200 16008 "http://goldnrocks.net/ghubara" "Mozilla/4.0 (compatible; MSIE 6.0; Windows 98)"
193.50.153.20 - - [02/Jun/2004:05:45:18 -0700] "GET /ghu3.jpg HTTP/1.1" 200 9645 "http://goldnrocks.net/ghubara" "Mozilla/4.0 (compatible; MSIE 6.0; Windows 98)"
212.72.18.76 - - [02/Jun/2004:05:45:21 -0700] "GET /cd3.jpg HTTP/1.1" 200 15924 "http://goldnrocks.net/canyondiablo" "Mozilla/4.0 (compatible; MSIE 5.5; Windows 98)"
212.72.18.76 - - [02/Jun/2004:05:45:21 -0700] "GET /cd4.jpg HTTP/1.1" 200 20157 "http://goldnrocks.net/canyondiablo" "Mozilla/4.0 (compatible; MSIE 5.5; Windows 98)"
193.50.153.20 - - [02/Jun/2004:05:45:27 -0700] "GET /ucnwa1 HTTP/1.1" 200 2384 "http://goldnrocks.net/meteorites" "Mozilla/4.0 (compatible; MSIE 6.0; Windows 98)"
193.50.153.20 - - [02/Jun/2004:05:45:28 -0700] "GET /cnwa1.jpg HTTP/1.1" 200 11138 "http://goldnrocks.net/ucnwa1" "Mozilla/4.0 (compatible; MSIE 6.0; Windows 98)"
193.50.153.20 - - [02/Jun/2004:05:45:28 -0700] "GET /cnwa6.jpg HTTP/1.1" 200 10961 "http://goldnrocks.net/ucnwa1" "Mozilla/4.0 (compatible; MSIE 6.0; Windows 98)"
193.50.153.20 - - [02/Jun/2004:05:45:29 -0700] "GET /cnwa22.jpg HTTP/1.1" 200 10470 "http://goldnrocks.net/ucnwa1" "Mozilla/4.0 (compatible; MSIE 6.0; Windows 98)"
193.50.153.20 - - [02/Jun/2004:05:45:29 -0700] "GET /cnwa7.jpg HTTP/1.1" 200 11741 "http://goldnrocks.net/ucnwa1" "Mozilla/4.0 (compatible; MSIE 6.0; Windows 98)"
193.50.153.20 - - [02/Jun/2004:05:45:29 -0700] "GET /cnwa8.jpg HTTP/1.1" 200 10259 "http://goldnrocks.net/ucnwa1" "Mozilla/4.0 (compatible; MSIE 6.0; Windows 98)"
193.50.153.20 - - [02/Jun/2004:05:45:29 -0700] "GET /cnwa2.jpg HTTP/1.1" 200 11105 "http://goldnrocks.net/ucnwa1" "Mozilla/4.0 (compatible; MSIE 6.0; Windows 98)"
193.50.153.20 - - [02/Jun/2004:05:45:30 -0700] "GET /cnwa4.jpg HTTP/1.1" 200 9268 "http://goldnrocks.net/ucnwa1" "Mozilla/4.0 (compatible; MSIE 6.0; Windows 98)"
193.50.153.20 - - [02/Jun/2004:05:45:30 -0700] "GET /cnwa3.jpg HTTP/1.1" 200 10646 "http://goldnrocks.net/ucnwa1" "Mozilla/4.0 (compatible; MSIE 6.0; Windows 98)"
193.50.153.20 - - [02/Jun/2004:05:45:41 -0700] "GET /ucnwalots HTTP/1.1" 200 2184 "http://goldnrocks.net/meteorites" "Mozilla/4.0 (compatible; MSIE 6.0; Windows 98)"
193.50.153.20 - - [02/Jun/2004:05:45:41 -0700] "GET /ucnwal2.jpg HTTP/1.1" 200 15894 "http://goldnrocks.net/ucnwalots" "Mozilla/4.0 (compatible; MSIE 6.0; Windows 98)"
193.50.153.20 - - [02/Jun/2004:05:45:41 -0700] "GET /nwalot10.jpg HTTP/1.1" 200 14966 "http://goldnrocks.net/ucnwalots" "Mozilla/4.0 (compatible; MSIE 6.0; Windows 98)"
193.50.153.20 - - [02/Jun/2004:05:45:42 -0700] "GET /ucnwal3.jpg HTTP/1.1" 200 16374 "http://goldnrocks.net/ucnwalots" "Mozilla/4.0 (compatible; MSIE 6.0; Windows 98)"
193.50.153.20 - - [02/Jun/2004:05:45:42 -0700] "GET /ucnwal4.jpg HTTP/1.1" 200 15829 "http://goldnrocks.net/ucnwalots" "Mozilla/4.0 (compatible; MSIE 6.0; Windows 98)"
193.50.153.20 - - [02/Jun/2004:05:45:43 -0700] "GET /ucnwal5.jpg HTTP/1.1" 200 15122 "http://goldnrocks.net/ucnwalots" "Mozilla/4.0 (compatible; MSIE 6.0; Windows 98)"
193.50.153.20 - - [02/Jun/2004:05:45:43 -0700] "GET /ucnwal6.jpg HTTP/1.1" 200 18655 "http://goldnrocks.net/ucnwalots" "Mozilla/4.0 (compatible; MSIE 6.0; Windows 98)"
212.72.18.76 - - [02/Jun/2004:05:45:57 -0700] "GET /meteorites HTTP/1.1" 200 3069 "http://goldnrocks.net/canyondiablo" "Mozilla/4.0 (compatible; MSIE 5.5; Windows 98)"
193.50.153.20 - - [02/Jun/2004:05:46:00 -0700] "GET /ucnwaw1 HTTP/1.1" 200 2301 "http://goldnrocks.net/meteorites" "Mozilla/4.0 (compatible; MSIE 6.0; Windows 98)"
193.50.153.20 - - [02/Jun/2004:05:46:01 -0700] "GET /wnwa2.jpg HTTP/1.1" 200 8710 "http://goldnrocks.net/ucnwaw1" "Mozilla/4.0 (compatible; MSIE 6.0; Windows 98)"
193.50.153.20 - - [02/Jun/2004:05:46:01 -0700] "GET /wnwa1.jpg HTTP/1.1" 200 9073 "http://goldnrocks.net/ucnwaw1" "Mozilla/4.0 (compatible; MSIE 6.0; Windows 98)"
193.50.153.20 - - [02/Jun/2004:05:46:01 -0700] "GET /wnwa3.jpg HTTP/1.1" 200 8336 "http://goldnrocks.net/ucnwaw1" "Mozilla/4.0 (compatible; MSIE 6.0; Windows 98)"
193.50.153.20 - - [02/Jun/2004:05:46:01 -0700] "GET /wnwa4.jpg HTTP/1.1" 200 9671 "http://goldnrocks.net/ucnwaw1" "Mozilla/4.0 (compatible; MSIE 6.0; Windows 98)"
193.50.153.20 - - [02/Jun/2004:05:46:02 -0700] "GET /wnwa5.jpg HTTP/1.1" 200 8560 "http://goldnrocks.net/ucnwaw1" "Mozilla/4.0 (compatible; MSIE 6.0; Windows 98)"
193.50.153.20 - - [02/Jun/2004:05:46:02 -0700] "GET /wnwa6.jpg HTTP/1.1" 200 9095 "http://goldnrocks.net/ucnwaw1" "Mozilla/4.0 (compatible; MSIE 6.0; Windows 98)"
193.50.153.20 - - [02/Jun/2004:05:46:03 -0700] "GET /wnwa48.jpg HTTP/1.1" 200 8749 "http://goldnrocks.net/ucnwaw1" "Mozilla/4.0 (compatible; MSIE 6.0; Windows 98)"
193.50.153.20 - - [02/Jun/2004:05:46:03 -0700] "GET /wnwa8.jpg HTTP/1.1" 200 9391 "http://goldnrocks.net/ucnwaw1" "Mozilla/4.0 (compatible; MSIE 6.0; Windows 98)"
212.72.18.76 - - [02/Jun/2004:05:46:13 -0700] "GET /meteoritemain HTTP/1.1" 200 3720 "http://goldnrocks.net/meteorites" "Mozilla/4.0 (compatible; MSIE 5.5; Windows 98)"
212.72.18.76 - - [02/Jun/2004:05:46:15 -0700] "GET /meteoritemain HTTP/1.1" 200 3720 "http://goldnrocks.net/meteorites" "Mozilla/4.0 (compatible; MSIE 5.5; Windows 98)"
212.72.18.76 - - [02/Jun/2004:05:46:17 -0700] "GET /mayspec.jpg HTTP/1.1" 200 9655 "http://goldnrocks.net/meteoritemain" "Mozilla/4.0 (compatible; MSIE 5.5; Windows 98)"
212.72.18.76 - - [02/Jun/2004:05:46:21 -0700] "GET /x-click-but02.gif HTTP/1.1" 200 872 "http://goldnrocks.net/meteoritemain" "Mozilla/4.0 (compatible; MSIE 5.5; Windows 98)"
192.67.48.156 - - [02/Jun/2004:05:46:21 -0700] "GET / HTTP/1.0" 200 4097 "http://goldnrocks.net/orderinf" "Mozilla/4.0 (compatible; MSIE 5.01; Windows NT)"
212.72.18.76 - - [02/Jun/2004:05:46:22 -0700] "GET /nov03cover.jpg HTTP/1.1" 200 9598 "http://goldnrocks.net/meteoritemain" "Mozilla/4.0 (compatible; MSIE 5.5; Windows 98)"
212.72.18.76 - - [02/Jun/2004:05:46:22 -0700] "GET /9432imcalogo.jpg HTTP/1.1" 200 16247 "http://goldnrocks.net/meteoritemain" "Mozilla/4.0 (compatible; MSIE 5.5; Windows 98)"
193.50.153.20 - - [02/Jun/2004:05:46:23 -0700] "GET /jah HTTP/1.1" 200 1969 "http://goldnrocks.net/meteorites" "Mozilla/4.0 (compatible; MSIE 6.0; Windows 98)"
193.50.153.20 - - [02/Jun/2004:05:46:23 -0700] "GET /jah011b478.jpg HTTP/1.1" 200 37055 "http://goldnrocks.net/jah" "Mozilla/4.0 (compatible; MSIE 6.0; Windows 98)"
193.50.153.20 - - [02/Jun/2004:05:46:23 -0700] "GET /jah011a478.jpg HTTP/1.1" 200 43922 "http://goldnrocks.net/jah" "Mozilla/4.0 (compatible; MSIE 6.0; Windows 98)"
193.50.153.20 - - [02/Jun/2004:05:46:25 -0700] "GET /jah011a73.jpg HTTP/1.1" 200 25732 "http://goldnrocks.net/jah" "Mozilla/4.0 (compatible; MSIE 6.0; Windows 98)"
193.50.153.20 - - [02/Jun/2004:05:46:25 -0700] "GET /jah011b73.jpg HTTP/1.1" 200 22621 "http://goldnrocks.net/jah" "Mozilla/4.0 (compatible; MSIE 6.0; Windows 98)"
212.72.18.76 - - [02/Jun/2004:05:46:30 -0700] "GET /chinga HTTP/1.1" 200 2469 "http://goldnrocks.net/meteoritesiron" "Mozilla/4.0 (compatible; MSIE 5.5; Windows 98)"
212.72.18.76 - - [02/Jun/2004:05:46:32 -0700] "GET /chsl1.jpg HTTP/1.1" 200 14071 "http://goldnrocks.net/chinga" "Mozilla/4.0 (compatible; MSIE 5.5; Windows 98)"
212.72.18.76 - - [02/Jun/2004:05:46:32 -0700] "GET /chsl2.jpg HTTP/1.1" 200 11928 "http://goldnrocks.net/chinga" "Mozilla/4.0 (compatible; MSIE 5.5; Windows 98)"
193.50.153.20 - - [02/Jun/2004:05:46:34 -0700] "GET /juancheng HTTP/1.1" 200 2285 "http://goldnrocks.net/meteorites" "Mozilla/4.0 (compatible; MSIE 6.0; Windows 98)"
193.50.153.20 - - [02/Jun/2004:05:46:34 -0700] "GET /jc10b.jpg HTTP/1.1" 200 13486 "http://goldnrocks.net/juancheng" "Mozilla/4.0 (compatible; MSIE 6.0; Windows 98)"
193.50.153.20 - - [02/Jun/2004:05:46:34 -0700] "GET /jc10a.jpg HTTP/1.1" 200 13891 "http://goldnrocks.net/juancheng" "Mozilla/4.0 (compatible; MSIE 6.0; Windows 98)"
193.50.153.20 - - [02/Jun/2004:05:46:35 -0700] "GET /jc19b.jpg HTTP/1.1" 200 14533 "http://goldnrocks.net/juancheng" "Mozilla/4.0 (compatible; MSIE 6.0; Windows 98)"
193.50.153.20 - - [02/Jun/2004:05:46:35 -0700] "GET /jc19a.jpg HTTP/1.1" 200 14821 "http://goldnrocks.net/juancheng" "Mozilla/4.0 (compatible; MSIE 6.0; Windows 98)"
212.72.18.76 - - [02/Jun/2004:05:46:38 -0700] "GET /chsl3.jpg HTTP/1.1" 200 16287 "http://goldnrocks.net/chinga" "Mozilla/4.0 (compatible; MSIE 5.5; Windows 98)"
212.72.18.76 - - [02/Jun/2004:05:46:38 -0700] "GET /chingas4.jpg HTTP/1.1" 200 6847 "http://goldnrocks.net/chinga" "Mozilla/4.0 (compatible; MSIE 5.5; Windows 98)"
212.72.18.76 - - [02/Jun/2004:05:46:43 -0700] "GET /chingas5.jpg HTTP/1.1" 200 5814 "http://goldnrocks.net/chinga" "Mozilla/4.0 (compatible; MSIE 5.5; Windows 98)"
212.72.18.76 - - [02/Jun/2004:05:46:46 -0700] "GET /dronino HTTP/1.1" 200 2222 "http://goldnrocks.net/meteoritesiron" "Mozilla/4.0 (compatible; MSIE 5.5; Windows 98)"
212.72.18.76 - - [02/Jun/2004:05:46:48 -0700] "GET /droc1.jpg HTTP/1.1" 200 21240 "http://goldnrocks.net/dronino" "Mozilla/4.0 (compatible; MSIE 5.5; Windows 98)"
212.72.18.76 - - [02/Jun/2004:05:46:48 -0700] "GET /droc2.jpg HTTP/1.1" 200 21136 "http://goldnrocks.net/dronino" "Mozilla/4.0 (compatible; MSIE 5.5; Windows 98)"
193.50.153.20 - - [02/Jun/2004:05:46:48 -0700] "GET /nwauc5 HTTP/1.1" 200 2448 "http://goldnrocks.net/meteorites" "Mozilla/4.0 (compatible; MSIE 6.0; Windows 98)"
193.50.153.20 - - [02/Jun/2004:05:46:49 -0700] "GET /ucnwa798a.jpg HTTP/1.1" 200 14330 "http://goldnrocks.net/nwauc5" "Mozilla/4.0 (compatible; MSIE 6.0; Windows 98)"
193.50.153.20 - - [02/Jun/2004:05:46:49 -0700] "GET /ucnwa3240a.jpg HTTP/1.1" 200 20679 "http://goldnrocks.net/nwauc5" "Mozilla/4.0 (compatible; MSIE 6.0; Windows 98)"
193.50.153.20 - - [02/Jun/2004:05:46:50 -0700] "GET /ucnwa798b.jpg HTTP/1.1" 200 17060 "http://goldnrocks.net/nwauc5" "Mozilla/4.0 (compatible; MSIE 6.0; Windows 98)"
193.50.153.20 - - [02/Jun/2004:05:46:50 -0700] "GET /ucnwa798c.jpg HTTP/1.1" 200 14427 "http://goldnrocks.net/nwauc5" "Mozilla/4.0 (compatible; MSIE 6.0; Windows 98)"
193.50.153.20 - - [02/Jun/2004:05:46:51 -0700] "GET /ucnwa753b.jpg HTTP/1.1" 200 16772 "http://goldnrocks.net/nwauc5" "Mozilla/4.0 (compatible; MSIE 6.0; Windows 98)"
193.50.153.20 - - [02/Jun/2004:05:46:51 -0700] "GET /ucnwa3240b.jpg HTTP/1.1" 200 24959 "http://goldnrocks.net/nwauc5" "Mozilla/4.0 (compatible; MSIE 6.0; Windows 98)"
193.50.153.20 - - [02/Jun/2004:05:46:51 -0700] "GET /ucnwa946b.jpg HTTP/1.1" 200 10172 "http://goldnrocks.net/nwauc5" "Mozilla/4.0 (compatible; MSIE 6.0; Windows 98)"
193.50.153.20 - - [02/Jun/2004:05:46:52 -0700] "GET /ucnwa946a.jpg HTTP/1.1" 200 16878 "http://goldnrocks.net/nwauc5" "Mozilla/4.0 (compatible; MSIE 6.0; Windows 98)"
193.50.153.20 - - [02/Jun/2004:05:46:52 -0700] "GET /ucnwa753a.jpg HTTP/1.1" 200 16322 "http://goldnrocks.net/nwauc5" "Mozilla/4.0 (compatible; MSIE 6.0; Windows 98)"
212.72.18.76 - - [02/Jun/2004:05:46:59 -0700] "GET /gibeon HTTP/1.1" 200 1946 "http://goldnrocks.net/meteoritesiron" "Mozilla/4.0 (compatible; MSIE 5.5; Windows 98)"
212.72.18.76 - - [02/Jun/2004:05:47:00 -0700] "GET /gib677a.jpg HTTP/1.1" 200 12488 "http://goldnrocks.net/gibeon" "Mozilla/4.0 (compatible; MSIE 5.5; Windows 98)"
212.72.18.76 - - [02/Jun/2004:05:47:01 -0700] "GET /gib677b.jpg HTTP/1.1" 200 13262 "http://goldnrocks.net/gibeon" "Mozilla/4.0 (compatible; MSIE 5.5; Windows 98)"
212.72.18.76 - - [02/Jun/2004:05:47:06 -0700] "GET /gib677c.jpg HTTP/1.1" 200 14324 "http://goldnrocks.net/gibeon" "Mozilla/4.0 (compatible; MSIE 5.5; Windows 98)"
212.72.18.76 - - [02/Jun/2004:05:47:07 -0700] "GET /gib677d.jpg HTTP/1.1" 200 13780 "http://goldnrocks.net/gibeon" "Mozilla/4.0 (compatible; MSIE 5.5; Windows 98)"
212.72.18.76 - - [02/Jun/2004:05:47:12 -0700] "GET /gib789a.jpg HTTP/1.1" 200 12637 "http://goldnrocks.net/gibeon" "Mozilla/4.0 (compatible; MSIE 5.5; Windows 98)"
193.50.153.20 - - [02/Jun/2004:05:47:12 -0700] "GET /sah52 HTTP/1.1" 200 1722 "http://goldnrocks.net/meteorites" "Mozilla/4.0 (compatible; MSIE 6.0; Windows 98)"
193.50.153.20 - - [02/Jun/2004:05:47:13 -0700] "GET /sah52f.jpg HTTP/1.1" 200 48344 "http://goldnrocks.net/sah52" "Mozilla/4.0 (compatible; MSIE 6.0; Windows 98)"
193.50.153.20 - - [02/Jun/2004:05:47:13 -0700] "GET /sah52b.jpg HTTP/1.1" 200 52092 "http://goldnrocks.net/sah52" "Mozilla/4.0 (compatible; MSIE 6.0; Windows 98)"
192.67.48.156 - - [02/Jun/2004:05:47:13 -0700] "GET /buyersguide HTTP/1.0" 200 2382 "http://goldnrocks.net/" "Mozilla/4.0 (compatible; MSIE 5.01; Windows NT)"
212.72.18.76 - - [02/Jun/2004:05:47:13 -0700] "GET /gib789b.jpg HTTP/1.1" 200 12116 "http://goldnrocks.net/gibeon" "Mozilla/4.0 (compatible; MSIE 5.5; Windows 98)"
192.67.48.156 - - [02/Jun/2004:05:47:13 -0700] "GET /scale1.jpg HTTP/1.0" 200 47950 "http://goldnrocks.net/buyersguide" "Mozilla/4.0 (compatible; MSIE 5.01; Windows NT)"
192.67.48.156 - - [02/Jun/2004:05:47:13 -0700] "GET /scale.jpg HTTP/1.0" 200 44626 "http://goldnrocks.net/buyersguide" "Mozilla/4.0 (compatible; MSIE 5.01; Windows NT)"
212.72.18.76 - - [02/Jun/2004:05:47:17 -0700] "GET /gib789c.jpg HTTP/1.1" 200 16293 "http://goldnrocks.net/gibeon" "Mozilla/4.0 (compatible; MSIE 5.5; Windows 98)"
192.67.48.156 - - [02/Jun/2004:05:47:18 -0700] "GET /scale4.jpg HTTP/1.0" 200 49696 "http://goldnrocks.net/buyersguide" "Mozilla/4.0 (compatible; MSIE 5.01; Windows NT)"
212.72.18.76 - - [02/Jun/2004:05:47:18 -0700] "GET /gib789d.jpg HTTP/1.1" 200 15663 "http://goldnrocks.net/gibeon" "Mozilla/4.0 (compatible; MSIE 5.5; Windows 98)"
212.72.18.76 - - [02/Jun/2004:05:47:29 -0700] "GET /mundrabilla HTTP/1.1" 200 2350 "http://goldnrocks.net/meteoritesiron" "Mozilla/4.0 (compatible; MSIE 5.5; Windows 98)"
212.72.18.76 - - [02/Jun/2004:05:47:30 -0700] "GET /mun55b.jpg HTTP/1.1" 200 7686 "http://goldnrocks.net/mundrabilla" "Mozilla/4.0 (compatible; MSIE 5.5; Windows 98)"
212.72.18.76 - - [02/Jun/2004:05:47:30 -0700] "GET /mun55a.jpg HTTP/1.1" 200 9503 "http://goldnrocks.net/mundrabilla" "Mozilla/4.0 (compatible; MSIE 5.5; Windows 98)"
193.50.153.20 - - [02/Jun/2004:05:47:32 -0700] "GET /sah51 HTTP/1.1" 200 1727 "http://goldnrocks.net/meteorites" "Mozilla/4.0 (compatible; MSIE 6.0; Windows 98)"
193.50.153.20 - - [02/Jun/2004:05:47:32 -0700] "GET /sah51b.jpg HTTP/1.1" 200 52914 "http://goldnrocks.net/sah51" "Mozilla/4.0 (compatible; MSIE 6.0; Windows 98)"
193.50.153.20 - - [02/Jun/2004:05:47:32 -0700] "GET /sah51f.jpg HTTP/1.1" 200 47504 "http://goldnrocks.net/sah51" "Mozilla/4.0 (compatible; MSIE 6.0; Windows 98)"
212.72.18.76 - - [02/Jun/2004:05:47:33 -0700] "GET /mun77a.jpg HTTP/1.1" 200 6203 "http://goldnrocks.net/mundrabilla" "Mozilla/4.0 (compatible; MSIE 5.5; Windows 98)"
212.72.18.76 - - [02/Jun/2004:05:47:36 -0700] "GET /mun77b.jpg HTTP/1.1" 200 6101 "http://goldnrocks.net/mundrabilla" "Mozilla/4.0 (compatible; MSIE 5.5; Windows 98)"
192.67.48.156 - - [02/Jun/2004:05:47:37 -0700] "GET /buyerguide2 HTTP/1.0" 200 1769 "http://goldnrocks.net/buyersguide" "Mozilla/4.0 (compatible; MSIE 5.01; Windows NT)"
192.67.48.156 - - [02/Jun/2004:05:47:37 -0700] "GET /scale3.jpg HTTP/1.0" 200 42861 "http://goldnrocks.net/buyerguide2" "Mozilla/4.0 (compatible; MSIE 5.01; Windows NT)"
192.67.48.156 - - [02/Jun/2004:05:47:37 -0700] "GET /scale2.jpg HTTP/1.0" 200 40456 "http://goldnrocks.net/buyerguide2" "Mozilla/4.0 (compatible; MSIE 5.01; Windows NT)"
212.72.18.76 - - [02/Jun/2004:05:47:38 -0700] "GET /mun101b.jpg HTTP/1.1" 200 10735 "http://goldnrocks.net/mundrabilla" "Mozilla/4.0 (compatible; MSIE 5.5; Windows 98)"
212.72.18.76 - - [02/Jun/2004:05:47:38 -0700] "GET /mun101a.jpg HTTP/1.1" 200 8830 "http://goldnrocks.net/mundrabilla" "Mozilla/4.0 (compatible; MSIE 5.5; Windows 98)"
212.72.18.76 - - [02/Jun/2004:05:47:44 -0700] "GET /sasp HTTP/1.1" 200 2302 "http://goldnrocks.net/meteoritesiron" "Mozilla/4.0 (compatible; MSIE 5.5; Windows 98)"
212.72.18.76 - - [02/Jun/2004:05:47:46 -0700] "GET /spsa5a.jpg HTTP/1.1" 200 11244 "http://goldnrocks.net/sasp" "Mozilla/4.0 (compatible; MSIE 5.5; Windows 98)"
212.72.18.76 - - [02/Jun/2004:05:47:46 -0700] "GET /spsa5b.jpg HTTP/1.1" 200 11817 "http://goldnrocks.net/sasp" "Mozilla/4.0 (compatible; MSIE 5.5; Windows 98)"
212.72.18.76 - - [02/Jun/2004:05:47:51 -0700] "GET /spsa6b.jpg HTTP/1.1" 200 7763 "http://goldnrocks.net/sasp" "Mozilla/4.0 (compatible; MSIE 5.5; Windows 98)"
212.72.18.76 - - [02/Jun/2004:05:47:52 -0700] "GET /spsa6a.jpg HTTP/1.1" 200 8833 "http://goldnrocks.net/sasp" "Mozilla/4.0 (compatible; MSIE 5.5; Windows 98)"
212.72.18.76 - - [02/Jun/2004:05:47:54 -0700] "GET /sasp7.jpg HTTP/1.1" 200 7822 "http://goldnrocks.net/sasp" "Mozilla/4.0 (compatible; MSIE 5.5; Windows 98)"
193.50.153.20 - - [02/Jun/2004:05:47:55 -0700] "GET /nwa1584 HTTP/1.1" 200 1739 "http://goldnrocks.net/meteorites" "Mozilla/4.0 (compatible; MSIE 6.0; Windows 98)"
193.50.153.20 - - [02/Jun/2004:05:47:55 -0700] "GET /nwa1584b.jpg HTTP/1.1" 200 13622 "http://goldnrocks.net/nwa1584" "Mozilla/4.0 (compatible; MSIE 6.0; Windows 98)"
212.72.18.76 - - [02/Jun/2004:05:47:56 -0700] "GET /sasp8.jpg HTTP/1.1" 200 10968 "http://goldnrocks.net/sasp" "Mozilla/4.0 (compatible; MSIE 5.5; Windows 98)"
212.72.18.76 - - [02/Jun/2004:05:47:59 -0700] "GET /sasm HTTP/1.1" 200 2320 "http://goldnrocks.net/meteoritesiron" "Mozilla/4.0 (compatible; MSIE 5.5; Windows 98)"
212.72.18.76 - - [02/Jun/2004:05:48:01 -0700] "GET /sa42a.jpg HTTP/1.1" 200 6000 "http://goldnrocks.net/sasm" "Mozilla/4.0 (compatible; MSIE 5.5; Windows 98)"
212.72.18.76 - - [02/Jun/2004:05:48:01 -0700] "GET /sa42b.jpg HTTP/1.1" 200 6003 "http://goldnrocks.net/sasm" "Mozilla/4.0 (compatible; MSIE 5.5; Windows 98)"
212.72.18.76 - - [02/Jun/2004:05:48:05 -0700] "GET /sa38a.jpg HTTP/1.1" 200 16058 "http://goldnrocks.net/sasm" "Mozilla/4.0 (compatible; MSIE 5.5; Windows 98)"
212.72.18.76 - - [02/Jun/2004:05:48:05 -0700] "GET /sa119a.jpg HTTP/1.1" 200 7260 "http://goldnrocks.net/sasm" "Mozilla/4.0 (compatible; MSIE 5.5; Windows 98)"
212.72.18.76 - - [02/Jun/2004:05:48:10 -0700] "GET /sa119b.jpg HTTP/1.1" 200 7164 "http://goldnrocks.net/sasm" "Mozilla/4.0 (compatible; MSIE 5.5; Windows 98)"
193.50.153.20 - - [02/Jun/2004:05:48:11 -0700] "GET /nwa869f HTTP/1.1" 200 2451 "http://goldnrocks.net/meteorites" "Mozilla/4.0 (compatible; MSIE 6.0; Windows 98)"
193.50.153.20 - - [02/Jun/2004:05:48:12 -0700] "GET /869f30.jpg HTTP/1.1" 200 20590 "http://goldnrocks.net/nwa869f" "Mozilla/4.0 (compatible; MSIE 6.0; Windows 98)"
193.50.153.20 - - [02/Jun/2004:05:48:12 -0700] "GET /869f311.jpg HTTP/1.1" 200 14055 "http://goldnrocks.net/nwa869f" "Mozilla/4.0 (compatible; MSIE 6.0; Windows 98)"
193.50.153.20 - - [02/Jun/2004:05:48:13 -0700] "GET /869f316.jpg HTTP/1.1" 200 12647 "http://goldnrocks.net/nwa869f" "Mozilla/4.0 (compatible; MSIE 6.0; Windows 98)"
193.50.153.20 - - [02/Jun/2004:05:48:13 -0700] "GET /869f316b.jpg HTTP/1.1" 200 14334 "http://goldnrocks.net/nwa869f" "Mozilla/4.0 (compatible; MSIE 6.0; Windows 98)"
193.50.153.20 - - [02/Jun/2004:05:48:13 -0700] "GET /869f35.jpg HTTP/1.1" 200 15200 "http://goldnrocks.net/nwa869f" "Mozilla/4.0 (compatible; MSIE 6.0; Windows 98)"
193.50.153.20 - - [02/Jun/2004:05:48:13 -0700] "GET /869f40.jpg HTTP/1.1" 200 14842 "http://goldnrocks.net/nwa869f" "Mozilla/4.0 (compatible; MSIE 6.0; Windows 98)"
212.72.18.76 - - [02/Jun/2004:05:48:17 -0700] "GET /salots HTTP/1.1" 200 1961 "http://goldnrocks.net/meteoritesiron" "Mozilla/4.0 (compatible; MSIE 5.5; Windows 98)"
212.72.18.76 - - [02/Jun/2004:05:48:19 -0700] "GET /sal1.jpg HTTP/1.1" 200 16113 "http://goldnrocks.net/salots" "Mozilla/4.0 (compatible; MSIE 5.5; Windows 98)"
212.72.18.76 - - [02/Jun/2004:05:48:19 -0700] "GET /sal2.jpg HTTP/1.1" 200 17039 "http://goldnrocks.net/salots" "Mozilla/4.0 (compatible; MSIE 5.5; Windows 98)"
212.72.18.76 - - [02/Jun/2004:05:48:25 -0700] "GET /sal3.jpg HTTP/1.1" 200 18917 "http://goldnrocks.net/salots" "Mozilla/4.0 (compatible; MSIE 5.5; Windows 98)"
212.72.18.76 - - [02/Jun/2004:05:48:26 -0700] "GET /sal4.jpg HTTP/1.1" 200 15735 "http://goldnrocks.net/salots" "Mozilla/4.0 (compatible; MSIE 5.5; Windows 98)"
193.50.153.20 - - [02/Jun/2004:05:48:28 -0700] "GET /nwa803.html HTTP/1.1" 404 363 "http://goldnrocks.net/meteorites" "Mozilla/4.0 (compatible; MSIE 6.0; Windows 98)"
212.72.18.76 - - [02/Jun/2004:05:48:33 -0700] "GET /sasa HTTP/1.1" 200 2308 "http://goldnrocks.net/meteoritesiron" "Mozilla/4.0 (compatible; MSIE 5.5; Windows 98)"
193.50.153.20 - - [02/Jun/2004:05:48:34 -0700] "GET /sahara HTTP/1.1" 200 1797 "http://goldnrocks.net/meteorites" "Mozilla/4.0 (compatible; MSIE 6.0; Windows 98)"
212.72.18.76 - - [02/Jun/2004:05:48:35 -0700] "GET /sash1.jpg HTTP/1.1" 200 13318 "http://goldnrocks.net/sasa" "Mozilla/4.0 (compatible; MSIE 5.5; Windows 98)"
212.72.18.76 - - [02/Jun/2004:05:48:35 -0700] "GET /sash2.jpg HTTP/1.1" 200 18730 "http://goldnrocks.net/sasa" "Mozilla/4.0 (compatible; MSIE 5.5; Windows 98)"
212.72.18.76 - - [02/Jun/2004:05:48:41 -0700] "GET /sash3.jpg HTTP/1.1" 200 10306 "http://goldnrocks.net/sasa" "Mozilla/4.0 (compatible; MSIE 5.5; Windows 98)"
212.72.18.76 - - [02/Jun/2004:05:48:43 -0700] "GET /sash4.jpg HTTP/1.1" 200 17518 "http://goldnrocks.net/sasa" "Mozilla/4.0 (compatible; MSIE 5.5; Windows 98)"
193.50.153.20 - - [02/Jun/2004:05:48:45 -0700] "GET /allende HTTP/1.1" 200 2400 "http://goldnrocks.net/meteorites" "Mozilla/4.0 (compatible; MSIE 6.0; Windows 98)"
193.50.153.20 - - [02/Jun/2004:05:48:45 -0700] "GET /al1a.jpg HTTP/1.1" 200 13288 "http://goldnrocks.net/allende" "Mozilla/4.0 (compatible; MSIE 6.0; Windows 98)"
193.50.153.20 - - [02/Jun/2004:05:48:45 -0700] "GET /al1b.jpg HTTP/1.1" 200 12231 "http://goldnrocks.net/allende" "Mozilla/4.0 (compatible; MSIE 6.0; Windows 98)"
193.50.153.20 - - [02/Jun/2004:05:48:46 -0700] "GET /al2a.jpg HTTP/1.1" 200 13353 "http://goldnrocks.net/allende" "Mozilla/4.0 (compatible; MSIE 6.0; Windows 98)"
193.50.153.20 - - [02/Jun/2004:05:48:46 -0700] "GET /al2b.jpg HTTP/1.1" 200 13780 "http://goldnrocks.net/allende" "Mozilla/4.0 (compatible; MSIE 6.0; Windows 98)"
193.50.153.20 - - [02/Jun/2004:05:48:47 -0700] "GET /al3a.jpg HTTP/1.1" 200 13962 "http://goldnrocks.net/allende" "Mozilla/4.0 (compatible; MSIE 6.0; Windows 98)"
193.50.153.20 - - [02/Jun/2004:05:48:47 -0700] "GET /al3b.jpg HTTP/1.1" 200 11789 "http://goldnrocks.net/allende" "Mozilla/4.0 (compatible; MSIE 6.0; Windows 98)"
80.88.138.202 - - [02/Jun/2004:05:48:48 -0700] "GET /faq HTTP/1.0" 200 2712 "http://www.google.com/search?hl=en&ie=ISO-8859-1&q=contact@goldnrocks.net+&btnG=Google+Search" "Mozilla/4.0 (compatible; MSIE 5.01; Windows NT 5.0)"
80.88.138.202 - - [02/Jun/2004:05:48:50 -0700] "GET /newhdr.jpg HTTP/1.0" 200 26525 "http://goldnrocks.net/faq" "Mozilla/4.0 (compatible; MSIE 5.01; Windows NT 5.0)"
193.50.153.20 - - [02/Jun/2004:05:49:02 -0700] "GET /dag308 HTTP/1.1" 200 1779 "http://goldnrocks.net/meteorites" "Mozilla/4.0 (compatible; MSIE 6.0; Windows 98)"
193.50.153.20 - - [02/Jun/2004:05:49:03 -0700] "GET /dag308a.jpg HTTP/1.1" 200 15125 "http://goldnrocks.net/dag308" "Mozilla/4.0 (compatible; MSIE 6.0; Windows 98)"
193.50.153.20 - - [02/Jun/2004:05:49:03 -0700] "GET /dag308b.jpg HTTP/1.1" 200 12558 "http://goldnrocks.net/dag308" "Mozilla/4.0 (compatible; MSIE 6.0; Windows 98)"
212.72.18.76 - - [02/Jun/2004:05:49:05 -0700] "GET /taza HTTP/1.1" 200 2445 "http://goldnrocks.net/meteoritesiron" "Mozilla/4.0 (compatible; MSIE 5.5; Windows 98)"
212.72.18.76 - - [02/Jun/2004:05:49:07 -0700] "GET /taza2.jpg HTTP/1.1" 200 7874 "http://goldnrocks.net/taza" "Mozilla/4.0 (compatible; MSIE 5.5; Windows 98)"
212.72.18.76 - - [02/Jun/2004:05:49:07 -0700] "GET /taza1.jpg HTTP/1.1" 200 9010 "http://goldnrocks.net/taza" "Mozilla/4.0 (compatible; MSIE 5.5; Windows 98)"
212.72.18.76 - - [02/Jun/2004:05:49:11 -0700] "GET /taza3.jpg HTTP/1.1" 200 8898 "http://goldnrocks.net/taza" "Mozilla/4.0 (compatible; MSIE 5.5; Windows 98)"
212.72.18.76 - - [02/Jun/2004:05:49:12 -0700] "GET /taza4.jpg HTTP/1.1" 200 8152 "http://goldnrocks.net/taza" "Mozilla/4.0 (compatible; MSIE 5.5; Windows 98)"
193.50.153.20 - - [02/Jun/2004:05:49:12 -0700] "GET /dag465 HTTP/1.1" 200 1750 "http://goldnrocks.net/meteorites" "Mozilla/4.0 (compatible; MSIE 6.0; Windows 98)"
193.50.153.20 - - [02/Jun/2004:05:49:13 -0700] "GET /dag383a.jpg HTTP/1.1" 404 363 "http://goldnrocks.net/dag465" "Mozilla/4.0 (compatible; MSIE 6.0; Windows 98)"
193.50.153.20 - - [02/Jun/2004:05:49:13 -0700] "GET /dag383b.jpg HTTP/1.1" 404 363 "http://goldnrocks.net/dag465" "Mozilla/4.0 (compatible; MSIE 6.0; Windows 98)"
212.72.18.76 - - [02/Jun/2004:05:49:14 -0700] "GET /taza5.jpg HTTP/1.1" 200 7905 "http://goldnrocks.net/taza" "Mozilla/4.0 (compatible; MSIE 5.5; Windows 98)"
212.72.18.76 - - [02/Jun/2004:05:49:16 -0700] "GET /taza6.jpg HTTP/1.1" 200 8505 "http://goldnrocks.net/taza" "Mozilla/4.0 (compatible; MSIE 5.5; Windows 98)"
212.72.18.76 - - [02/Jun/2004:05:49:17 -0700] "GET /taza8.jpg HTTP/1.1" 200 8353 "http://goldnrocks.net/taza" "Mozilla/4.0 (compatible; MSIE 5.5; Windows 98)"
212.72.18.76 - - [02/Jun/2004:05:49:19 -0700] "GET /taza7.jpg HTTP/1.1" 200 9080 "http://goldnrocks.net/taza" "Mozilla/4.0 (compatible; MSIE 5.5; Windows 98)"
193.50.153.20 - - [02/Jun/2004:05:49:20 -0700] "GET /dhofar526 HTTP/1.1" 200 1883 "http://goldnrocks.net/meteorites" "Mozilla/4.0 (compatible; MSIE 6.0; Windows 98)"
193.50.153.20 - - [02/Jun/2004:05:49:20 -0700] "GET /dhofar526a.jpg HTTP/1.1" 200 8068 "http://goldnrocks.net/dhofar526" "Mozilla/4.0 (compatible; MSIE 6.0; Windows 98)"
193.50.153.20 - - [02/Jun/2004:05:49:20 -0700] "GET /dhofar526c.jpg HTTP/1.1" 200 12358 "http://goldnrocks.net/dhofar526" "Mozilla/4.0 (compatible; MSIE 6.0; Windows 98)"
193.50.153.20 - - [02/Jun/2004:05:49:21 -0700] "GET /dhofar526b.jpg HTTP/1.1" 200 7601 "http://goldnrocks.net/dhofar526" "Mozilla/4.0 (compatible; MSIE 6.0; Windows 98)"
193.50.153.20 - - [02/Jun/2004:05:49:21 -0700] "GET /dhofar526d.jpg HTTP/1.1" 200 10835 "http://goldnrocks.net/dhofar526" "Mozilla/4.0 (compatible; MSIE 6.0; Windows 98)"
212.72.18.76 - - [02/Jun/2004:05:49:21 -0700] "GET /taza10.jpg HTTP/1.1" 200 8088 "http://goldnrocks.net/taza" "Mozilla/4.0 (compatible; MSIE 5.5; Windows 98)"
212.72.18.76 - - [02/Jun/2004:05:49:23 -0700] "GET /taza9.jpg HTTP/1.1" 200 8344 "http://goldnrocks.net/taza" "Mozilla/4.0 (compatible; MSIE 5.5; Windows 98)"
212.72.18.76 - - [02/Jun/2004:05:49:25 -0700] "GET /taza24.jpg HTTP/1.1" 200 5859 "http://goldnrocks.net/taza" "Mozilla/4.0 (compatible; MSIE 5.5; Windows 98)"
193.50.153.20 - - [02/Jun/2004:05:49:36 -0700] "GET /dhofar359 HTTP/1.1" 200 2009 "http://goldnrocks.net/meteorites" "Mozilla/4.0 (compatible; MSIE 6.0; Windows 98)"
193.50.153.20 - - [02/Jun/2004:05:49:36 -0700] "GET /dho359bl.jpg HTTP/1.1" 200 39002 "http://goldnrocks.net/dhofar359" "Mozilla/4.0 (compatible; MSIE 6.0; Windows 98)"
193.50.153.20 - - [02/Jun/2004:05:49:36 -0700] "GET /dho359al.jpg HTTP/1.1" 200 31986 "http://goldnrocks.net/dhofar359" "Mozilla/4.0 (compatible; MSIE 6.0; Windows 98)"
80.88.138.202 - - [02/Jun/2004:05:49:37 -0700] "GET /orderinf HTTP/1.0" 200 3051 "http://www.google.com/search?hl=en&ie=ISO-8859-1&q=contact@+goldnrocks.net+&btnG=Google+Search" "Mozilla/4.0 (compatible; MSIE 5.01; Windows NT 5.0)"
193.50.153.20 - - [02/Jun/2004:05:49:37 -0700] "GET /dho359cl.jpg HTTP/1.1" 200 31400 "http://goldnrocks.net/dhofar359" "Mozilla/4.0 (compatible; MSIE 6.0; Windows 98)"
193.50.153.20 - - [02/Jun/2004:05:49:38 -0700] "GET /dho359as.jpg HTTP/1.1" 200 22481 "http://goldnrocks.net/dhofar359" "Mozilla/4.0 (compatible; MSIE 6.0; Windows 98)"
193.50.153.20 - - [02/Jun/2004:05:49:38 -0700] "GET /dho359bs.jpg HTTP/1.1" 200 19845 "http://goldnrocks.net/dhofar359" "Mozilla/4.0 (compatible; MSIE 6.0; Windows 98)"
80.88.138.202 - - [02/Jun/2004:05:49:39 -0700] "GET /amex_online_multi4_black_small.gif HTTP/1.0" 200 3068 "http://goldnrocks.net/orderinf" "Mozilla/4.0 (compatible; MSIE 5.01; Windows NT 5.0)"
80.88.138.202 - - [02/Jun/2004:05:49:39 -0700] "GET /x-click-but02.gif HTTP/1.0" 200 872 "http://goldnrocks.net/orderinf" "Mozilla/4.0 (compatible; MSIE 5.01; Windows NT 5.0)"
80.88.138.202 - - [02/Jun/2004:05:49:39 -0700] "GET /usps_logo.jpg HTTP/1.0" 200 6578 "http://goldnrocks.net/orderinf" "Mozilla/4.0 (compatible; MSIE 5.01; Windows NT 5.0)"
193.50.153.20 - - [02/Jun/2004:05:49:43 -0700] "GET /dhofar333 HTTP/1.1" 200 1823 "http://goldnrocks.net/meteorites" "Mozilla/4.0 (compatible; MSIE 6.0; Windows 98)"
193.50.153.20 - - [02/Jun/2004:05:49:43 -0700] "GET /dhofar333a.jpg HTTP/1.1" 200 13129 "http://goldnrocks.net/dhofar333" "Mozilla/4.0 (compatible; MSIE 6.0; Windows 98)"
193.50.153.20 - - [02/Jun/2004:05:49:43 -0700] "GET /dhofar333c.jpg HTTP/1.1" 200 12516 "http://goldnrocks.net/dhofar333" "Mozilla/4.0 (compatible; MSIE 6.0; Windows 98)"
193.50.153.20 - - [02/Jun/2004:05:49:44 -0700] "GET /dhofar333b.jpg HTTP/1.1" 200 7630 "http://goldnrocks.net/dhofar333" "Mozilla/4.0 (compatible; MSIE 6.0; Windows 98)"
193.50.153.20 - - [02/Jun/2004:05:49:49 -0700] "GET /dhofar134 HTTP/1.1" 200 1762 "http://goldnrocks.net/meteorites" "Mozilla/4.0 (compatible; MSIE 6.0; Windows 98)"
193.50.153.20 - - [02/Jun/2004:05:49:49 -0700] "GET /dho134b.jpg HTTP/1.1" 200 16353 "http://goldnrocks.net/dhofar134" "Mozilla/4.0 (compatible; MSIE 6.0; Windows 98)"
193.50.153.20 - - [02/Jun/2004:05:49:49 -0700] "GET /dho134a.jpg HTTP/1.1" 200 18778 "http://goldnrocks.net/dhofar134" "Mozilla/4.0 (compatible; MSIE 6.0; Windows 98)"
212.72.18.76 - - [02/Jun/2004:05:49:53 -0700] "GET /stonyiron HTTP/1.1" 200 1643 "http://goldnrocks.net/meteoritemain" "Mozilla/4.0 (compatible; MSIE 5.5; Windows 98)"
193.50.153.20 - - [02/Jun/2004:05:49:57 -0700] "GET /dhofar129 HTTP/1.1" 200 1869 "http://goldnrocks.net/meteorites" "Mozilla/4.0 (compatible; MSIE 6.0; Windows 98)"
193.50.153.20 - - [02/Jun/2004:05:49:57 -0700] "GET /dho129b.jpg HTTP/1.1" 200 18569 "http://goldnrocks.net/dhofar129" "Mozilla/4.0 (compatible; MSIE 6.0; Windows 98)"
193.50.153.20 - - [02/Jun/2004:05:49:57 -0700] "GET /dho129a.jpg HTTP/1.1" 200 20803 "http://goldnrocks.net/dhofar129" "Mozilla/4.0 (compatible; MSIE 6.0; Windows 98)"
193.50.153.20 - - [02/Jun/2004:05:49:58 -0700] "GET /dho129d.jpg HTTP/1.1" 200 16571 "http://goldnrocks.net/dhofar129" "Mozilla/4.0 (compatible; MSIE 6.0; Windows 98)"
193.50.153.20 - - [02/Jun/2004:05:49:58 -0700] "GET /dho129c.jpg HTTP/1.1" 200 17715 "http://goldnrocks.net/dhofar129" "Mozilla/4.0 (compatible; MSIE 6.0; Windows 98)"
212.72.18.76 - - [02/Jun/2004:05:50:02 -0700] "GET /vacamuerta HTTP/1.1" 200 2106 "http://goldnrocks.net/stonyiron" "Mozilla/4.0 (compatible; MSIE 5.5; Windows 98)"
212.72.18.76 - - [02/Jun/2004:05:50:03 -0700] "GET /vm155a.jpg HTTP/1.1" 200 12594 "http://goldnrocks.net/vacamuerta" "Mozilla/4.0 (compatible; MSIE 5.5; Windows 98)"
212.72.18.76 - - [02/Jun/2004:05:50:03 -0700] "GET /vm155b.jpg HTTP/1.1" 200 16917 "http://goldnrocks.net/vacamuerta" "Mozilla/4.0 (compatible; MSIE 5.5; Windows 98)"
193.50.153.20 - - [02/Jun/2004:05:50:04 -0700] "GET /dho127 HTTP/1.1" 200 1865 "http://goldnrocks.net/meteorites" "Mozilla/4.0 (compatible; MSIE 6.0; Windows 98)"
193.50.153.20 - - [02/Jun/2004:05:50:05 -0700] "GET /dho127a.jpg HTTP/1.1" 200 17406 "http://goldnrocks.net/dho127" "Mozilla/4.0 (compatible; MSIE 6.0; Windows 98)"
193.50.153.20 - - [02/Jun/2004:05:50:05 -0700] "GET /dho127b.jpg HTTP/1.1" 200 17582 "http://goldnrocks.net/dho127" "Mozilla/4.0 (compatible; MSIE 6.0; Windows 98)"
193.50.153.20 - - [02/Jun/2004:05:50:05 -0700] "GET /dho127c.jpg HTTP/1.1" 200 17326 "http://goldnrocks.net/dho127" "Mozilla/4.0 (compatible; MSIE 6.0; Windows 98)"
193.50.153.20 - - [02/Jun/2004:05:50:06 -0700] "GET /dho127d.jpg HTTP/1.1" 200 15332 "http://goldnrocks.net/dho127" "Mozilla/4.0 (compatible; MSIE 6.0; Windows 98)"
212.72.18.76 - - [02/Jun/2004:05:50:07 -0700] "GET /vm68b.jpg HTTP/1.1" 200 9496 "http://goldnrocks.net/vacamuerta" "Mozilla/4.0 (compatible; MSIE 5.5; Windows 98)"
212.72.18.76 - - [02/Jun/2004:05:50:12 -0700] "GET /vm61a.jpg HTTP/1.1" 200 13766 "http://goldnrocks.net/vacamuerta" "Mozilla/4.0 (compatible; MSIE 5.5; Windows 98)"
212.72.18.76 - - [02/Jun/2004:05:50:13 -0700] "GET /vm61b.jpg HTTP/1.1" 200 14168 "http://goldnrocks.net/vacamuerta" "Mozilla/4.0 (compatible; MSIE 5.5; Windows 98)"
193.50.153.20 - - [02/Jun/2004:05:50:14 -0700] "GET /dhofar077 HTTP/1.1" 200 2030 "http://goldnrocks.net/meteorites" "Mozilla/4.0 (compatible; MSIE 6.0; Windows 98)"
193.50.153.20 - - [02/Jun/2004:05:50:14 -0700] "GET /dho077b386.jpg HTTP/1.1" 200 43734 "http://goldnrocks.net/dhofar077" "Mozilla/4.0 (compatible; MSIE 6.0; Windows 98)"
193.50.153.20 - - [02/Jun/2004:05:50:15 -0700] "GET /dho077c386.jpg HTTP/1.1" 200 45192 "http://goldnrocks.net/dhofar077" "Mozilla/4.0 (compatible; MSIE 6.0; Windows 98)"
193.50.153.20 - - [02/Jun/2004:05:50:16 -0700] "GET /dho077a386.jpg HTTP/1.1" 200 31331 "http://goldnrocks.net/dhofar077" "Mozilla/4.0 (compatible; MSIE 6.0; Windows 98)"
193.50.153.20 - - [02/Jun/2004:05:50:16 -0700] "GET /dho077a26.jpg HTTP/1.1" 200 21307 "http://goldnrocks.net/dhofar077" "Mozilla/4.0 (compatible; MSIE 6.0; Windows 98)"
193.50.153.20 - - [02/Jun/2004:05:50:17 -0700] "GET /dho077b26.jpg HTTP/1.1" 200 19906 "http://goldnrocks.net/dhofar077" "Mozilla/4.0 (compatible; MSIE 6.0; Windows 98)"
212.72.18.76 - - [02/Jun/2004:05:50:17 -0700] "GET /vm68a.jpg HTTP/1.1" 200 10853 "http://goldnrocks.net/vacamuerta" "Mozilla/4.0 (compatible; MSIE 5.5; Windows 98)"
193.50.153.20 - - [02/Jun/2004:05:50:19 -0700] "GET /dhofar046 HTTP/1.1" 200 1816 "http://goldnrocks.net/meteorites" "Mozilla/4.0 (compatible; MSIE 6.0; Windows 98)"
193.50.153.20 - - [02/Jun/2004:05:50:20 -0700] "GET /dho046a.jpg HTTP/1.1" 200 22971 "http://goldnrocks.net/dhofar046" "Mozilla/4.0 (compatible; MSIE 6.0; Windows 98)"
193.50.153.20 - - [02/Jun/2004:05:50:20 -0700] "GET /dho046b.jpg HTTP/1.1" 200 16434 "http://goldnrocks.net/dhofar046" "Mozilla/4.0 (compatible; MSIE 6.0; Windows 98)"
193.50.153.20 - - [02/Jun/2004:05:50:21 -0700] "GET /dho046c.jpg HTTP/1.1" 200 22987 "http://goldnrocks.net/dhofar046" "Mozilla/4.0 (compatible; MSIE 6.0; Windows 98)"
193.50.153.20 - - [02/Jun/2004:05:50:21 -0700] "GET /dho046d.jpg HTTP/1.1" 200 15005 "http://goldnrocks.net/dhofar046" "Mozilla/4.0 (compatible; MSIE 6.0; Windows 98)"
193.50.153.20 - - [02/Jun/2004:05:50:27 -0700] "GET /dhofar020 HTTP/1.1" 200 1949 "http://goldnrocks.net/meteorites" "Mozilla/4.0 (compatible; MSIE 6.0; Windows 98)"
193.50.153.20 - - [02/Jun/2004:05:50:27 -0700] "GET /dho02027b.jpg HTTP/1.1" 200 9886 "http://goldnrocks.net/dhofar020" "Mozilla/4.0 (compatible; MSIE 6.0; Windows 98)"
193.50.153.20 - - [02/Jun/2004:05:50:27 -0700] "GET /dho02027a.jpg HTTP/1.1" 200 9180 "http://goldnrocks.net/dhofar020" "Mozilla/4.0 (compatible; MSIE 6.0; Windows 98)"
193.50.153.20 - - [02/Jun/2004:05:50:28 -0700] "GET /dhofar020b.jpg HTTP/1.1" 200 12136 "http://goldnrocks.net/dhofar020" "Mozilla/4.0 (compatible; MSIE 6.0; Windows 98)"
193.50.153.20 - - [02/Jun/2004:05:50:28 -0700] "GET /dhofar020a.jpg HTTP/1.1" 200 11316 "http://goldnrocks.net/dhofar020" "Mozilla/4.0 (compatible; MSIE 6.0; Windows 98)"
193.50.153.20 - - [02/Jun/2004:05:50:32 -0700] "GET /dhofar027 HTTP/1.1" 200 1817 "http://goldnrocks.net/meteorites" "Mozilla/4.0 (compatible; MSIE 6.0; Windows 98)"
193.50.153.20 - - [02/Jun/2004:05:50:33 -0700] "GET /dho027a.jpg HTTP/1.1" 200 17260 "http://goldnrocks.net/dhofar027" "Mozilla/4.0 (compatible; MSIE 6.0; Windows 98)"
193.50.153.20 - - [02/Jun/2004:05:50:33 -0700] "GET /dho027c.jpg HTTP/1.1" 200 13955 "http://goldnrocks.net/dhofar027" "Mozilla/4.0 (compatible; MSIE 6.0; Windows 98)"
193.50.153.20 - - [02/Jun/2004:05:50:33 -0700] "GET /dho027b.jpg HTTP/1.1" 200 14767 "http://goldnrocks.net/dhofar027" "Mozilla/4.0 (compatible; MSIE 6.0; Windows 98)"
212.72.18.76 - - [02/Jun/2004:05:50:48 -0700] "GET /bra14.jpg HTTP/1.1" 200 15041 "http://goldnrocks.net/brahin" "Mozilla/4.0 (compatible; MSIE 5.5; Windows 98)"
212.72.18.76 - - [02/Jun/2004:05:50:54 -0700] "GET /deskshop_anim.gif HTTP/1.1" 200 7770 "http://www.goldnrocks.net/" "Mozilla/4.0 (compatible; MSIE 5.5; Windows 98)"
193.50.153.20 - - [02/Jun/2004:05:50:56 -0700] "GET /stonyiron HTTP/1.1" 200 1643 "http://goldnrocks.net/meteoritemain" "Mozilla/4.0 (compatible; MSIE 6.0; Windows 98)"
193.50.153.20 - - [02/Jun/2004:05:50:59 -0700] "GET /vacamuerta HTTP/1.1" 200 2105 "http://goldnrocks.net/stonyiron" "Mozilla/4.0 (compatible; MSIE 6.0; Windows 98)"
193.50.153.20 - - [02/Jun/2004:05:50:59 -0700] "GET /vm155a.jpg HTTP/1.1" 200 12594 "http://goldnrocks.net/vacamuerta" "Mozilla/4.0 (compatible; MSIE 6.0; Windows 98)"
193.50.153.20 - - [02/Jun/2004:05:50:59 -0700] "GET /vm155b.jpg HTTP/1.1" 200 16917 "http://goldnrocks.net/vacamuerta" "Mozilla/4.0 (compatible; MSIE 6.0; Windows 98)"
193.50.153.20 - - [02/Jun/2004:05:51:00 -0700] "GET /vm68b.jpg HTTP/1.1" 200 9496 "http://goldnrocks.net/vacamuerta" "Mozilla/4.0 (compatible; MSIE 6.0; Windows 98)"
193.50.153.20 - - [02/Jun/2004:05:51:00 -0700] "GET /vm68a.jpg HTTP/1.1" 200 10853 "http://goldnrocks.net/vacamuerta" "Mozilla/4.0 (compatible; MSIE 6.0; Windows 98)"
193.50.153.20 - - [02/Jun/2004:05:51:01 -0700] "GET /vm61a.jpg HTTP/1.1" 200 13766 "http://goldnrocks.net/vacamuerta" "Mozilla/4.0 (compatible; MSIE 6.0; Windows 98)"
193.50.153.20 - - [02/Jun/2004:05:51:01 -0700] "GET /vm61b.jpg HTTP/1.1" 200 14168 "http://goldnrocks.net/vacamuerta" "Mozilla/4.0 (compatible; MSIE 6.0; Windows 98)"
193.50.153.20 - - [02/Jun/2004:05:51:14 -0700] "GET /brahin HTTP/1.1" 200 2612 "http://goldnrocks.net/stonyiron" "Mozilla/4.0 (compatible; MSIE 6.0; Windows 98)"
193.50.153.20 - - [02/Jun/2004:05:51:14 -0700] "GET /bra4.jpg HTTP/1.1" 200 11438 "http://goldnrocks.net/brahin" "Mozilla/4.0 (compatible; MSIE 6.0; Windows 98)"
193.50.153.20 - - [02/Jun/2004:05:51:14 -0700] "GET /bra1.jpg HTTP/1.1" 200 10119 "http://goldnrocks.net/brahin" "Mozilla/4.0 (compatible; MSIE 6.0; Windows 98)"
193.50.153.20 - - [02/Jun/2004:05:51:15 -0700] "GET /bra6.jpg HTTP/1.1" 200 13620 "http://goldnrocks.net/brahin" "Mozilla/4.0 (compatible; MSIE 6.0; Windows 98)"
193.50.153.20 - - [02/Jun/2004:05:51:15 -0700] "GET /bra2.jpg HTTP/1.1" 200 11294 "http://goldnrocks.net/brahin" "Mozilla/4.0 (compatible; MSIE 6.0; Windows 98)"
193.50.153.20 - - [02/Jun/2004:05:51:16 -0700] "GET /bra3.jpg HTTP/1.1" 200 10033 "http://goldnrocks.net/brahin" "Mozilla/4.0 (compatible; MSIE 6.0; Windows 98)"
193.50.153.20 - - [02/Jun/2004:05:51:16 -0700] "GET /bra5.jpg HTTP/1.1" 200 9229 "http://goldnrocks.net/brahin" "Mozilla/4.0 (compatible; MSIE 6.0; Windows 98)"
193.50.153.20 - - [02/Jun/2004:05:51:16 -0700] "GET /bra10.jpg HTTP/1.1" 200 13387 "http://goldnrocks.net/brahin" "Mozilla/4.0 (compatible; MSIE 6.0; Windows 98)"
193.50.153.20 - - [02/Jun/2004:05:51:16 -0700] "GET /bra8.jpg HTTP/1.1" 200 16578 "http://goldnrocks.net/brahin" "Mozilla/4.0 (compatible; MSIE 6.0; Windows 98)"
193.50.153.20 - - [02/Jun/2004:05:51:17 -0700] "GET /bra14.jpg HTTP/1.1" 200 15041 "http://goldnrocks.net/brahin" "Mozilla/4.0 (compatible; MSIE 6.0; Windows 98)"
193.50.153.20 - - [02/Jun/2004:05:51:29 -0700] "GET /meteoritesiron HTTP/1.1" 200 2260 "http://goldnrocks.net/meteoritemain" "Mozilla/4.0 (compatible; MSIE 6.0; Windows 98)"
193.50.153.20 - - [02/Jun/2004:05:51:32 -0700] "GET /campo HTTP/1.1" 200 1943 "http://goldnrocks.net/meteoritesiron" "Mozilla/4.0 (compatible; MSIE 6.0; Windows 98)"
193.50.153.20 - - [02/Jun/2004:05:51:33 -0700] "GET /cdc1.jpg HTTP/1.1" 200 17760 "http://goldnrocks.net/campo" "Mozilla/4.0 (compatible; MSIE 6.0; Windows 98)"
193.50.153.20 - - [02/Jun/2004:05:51:33 -0700] "GET /cdc2.jpg HTTP/1.1" 200 15307 "http://goldnrocks.net/campo" "Mozilla/4.0 (compatible; MSIE 6.0; Windows 98)"
193.50.153.20 - - [02/Jun/2004:05:51:33 -0700] "GET /cdc3.jpg HTTP/1.1" 200 17684 "http://goldnrocks.net/campo" "Mozilla/4.0 (compatible; MSIE 6.0; Windows 98)"
193.50.153.20 - - [02/Jun/2004:05:51:34 -0700] "GET /cdc4.jpg HTTP/1.1" 200 10034 "http://goldnrocks.net/campo" "Mozilla/4.0 (compatible; MSIE 6.0; Windows 98)"
193.50.153.20 - - [02/Jun/2004:05:51:55 -0700] "GET /canyondiablo HTTP/1.1" 200 1792 "http://goldnrocks.net/meteoritesiron" "Mozilla/4.0 (compatible; MSIE 6.0; Windows 98)"
193.50.153.20 - - [02/Jun/2004:05:51:55 -0700] "GET /cd2.jpg HTTP/1.1" 200 17313 "http://goldnrocks.net/canyondiablo" "Mozilla/4.0 (compatible; MSIE 6.0; Windows 98)"
193.50.153.20 - - [02/Jun/2004:05:51:55 -0700] "GET /cd1.jpg HTTP/1.1" 200 14385 "http://goldnrocks.net/canyondiablo" "Mozilla/4.0 (compatible; MSIE 6.0; Windows 98)"
193.50.153.20 - - [02/Jun/2004:05:51:56 -0700] "GET /cd3.jpg HTTP/1.1" 200 15924 "http://goldnrocks.net/canyondiablo" "Mozilla/4.0 (compatible; MSIE 6.0; Windows 98)"
193.50.153.20 - - [02/Jun/2004:05:51:56 -0700] "GET /cd4.jpg HTTP/1.1" 200 20157 "http://goldnrocks.net/canyondiablo" "Mozilla/4.0 (compatible; MSIE 6.0; Windows 98)"
193.50.153.20 - - [02/Jun/2004:05:52:27 -0700] "GET /chinga HTTP/1.1" 200 2472 "http://goldnrocks.net/meteoritesiron" "Mozilla/4.0 (compatible; MSIE 6.0; Windows 98)"
193.50.153.20 - - [02/Jun/2004:05:52:27 -0700] "GET /chsl2.jpg HTTP/1.1" 200 11928 "http://goldnrocks.net/chinga" "Mozilla/4.0 (compatible; MSIE 6.0; Windows 98)"
193.50.153.20 - - [02/Jun/2004:05:52:27 -0700] "GET /chsl1.jpg HTTP/1.1" 200 14071 "http://goldnrocks.net/chinga" "Mozilla/4.0 (compatible; MSIE 6.0; Windows 98)"
193.50.153.20 - - [02/Jun/2004:05:52:28 -0700] "GET /chsl3.jpg HTTP/1.1" 200 16287 "http://goldnrocks.net/chinga" "Mozilla/4.0 (compatible; MSIE 6.0; Windows 98)"
193.50.153.20 - - [02/Jun/2004:05:52:28 -0700] "GET /chingas4.jpg HTTP/1.1" 200 6847 "http://goldnrocks.net/chinga" "Mozilla/4.0 (compatible; MSIE 6.0; Windows 98)"
193.50.153.20 - - [02/Jun/2004:05:52:29 -0700] "GET /chingas5.jpg HTTP/1.1" 200 5814 "http://goldnrocks.net/chinga" "Mozilla/4.0 (compatible; MSIE 6.0; Windows 98)"
193.50.153.20 - - [02/Jun/2004:05:52:29 -0700] "GET /chinga1.jpg HTTP/1.1" 200 19382 "http://goldnrocks.net/chinga" "Mozilla/4.0 (compatible; MSIE 6.0; Windows 98)"
193.50.153.20 - - [02/Jun/2004:05:52:29 -0700] "GET /chinga2.jpg HTTP/1.1" 200 23443 "http://goldnrocks.net/chinga" "Mozilla/4.0 (compatible; MSIE 6.0; Windows 98)"
193.50.153.20 - - [02/Jun/2004:05:52:30 -0700] "GET /chinga3.jpg HTTP/1.1" 200 22573 "http://goldnrocks.net/chinga" "Mozilla/4.0 (compatible; MSIE 6.0; Windows 98)"
193.50.153.20 - - [02/Jun/2004:05:52:38 -0700] "GET /dronino HTTP/1.1" 200 2221 "http://goldnrocks.net/meteoritesiron" "Mozilla/4.0 (compatible; MSIE 6.0; Windows 98)"
193.50.153.20 - - [02/Jun/2004:05:52:38 -0700] "GET /droc1.jpg HTTP/1.1" 200 21240 "http://goldnrocks.net/dronino" "Mozilla/4.0 (compatible; MSIE 6.0; Windows 98)"
193.50.153.20 - - [02/Jun/2004:05:52:38 -0700] "GET /droc2.jpg HTTP/1.1" 200 21136 "http://goldnrocks.net/dronino" "Mozilla/4.0 (compatible; MSIE 6.0; Windows 98)"
193.50.153.20 - - [02/Jun/2004:05:52:39 -0700] "GET /dros1.jpg HTTP/1.1" 200 10037 "http://goldnrocks.net/dronino" "Mozilla/4.0 (compatible; MSIE 6.0; Windows 98)"
193.50.153.20 - - [02/Jun/2004:05:52:39 -0700] "GET /dros2.jpg HTTP/1.1" 200 7790 "http://goldnrocks.net/dronino" "Mozilla/4.0 (compatible; MSIE 6.0; Windows 98)"
193.50.153.20 - - [02/Jun/2004:05:52:39 -0700] "GET /dros4.jpg HTTP/1.1" 200 9136 "http://goldnrocks.net/dronino" "Mozilla/4.0 (compatible; MSIE 6.0; Windows 98)"
193.50.153.20 - - [02/Jun/2004:05:52:39 -0700] "GET /dros3.jpg HTTP/1.1" 200 8797 "http://goldnrocks.net/dronino" "Mozilla/4.0 (compatible; MSIE 6.0; Windows 98)"
193.50.153.20 - - [02/Jun/2004:05:53:03 -0700] "GET /gibeon HTTP/1.1" 200 1945 "http://goldnrocks.net/meteoritesiron" "Mozilla/4.0 (compatible; MSIE 6.0; Windows 98)"
193.50.153.20 - - [02/Jun/2004:05:53:03 -0700] "GET /gib677b.jpg HTTP/1.1" 200 13262 "http://goldnrocks.net/gibeon" "Mozilla/4.0 (compatible; MSIE 6.0; Windows 98)"
193.50.153.20 - - [02/Jun/2004:05:53:03 -0700] "GET /gib677a.jpg HTTP/1.1" 200 12488 "http://goldnrocks.net/gibeon" "Mozilla/4.0 (compatible; MSIE 6.0; Windows 98)"
193.50.153.20 - - [02/Jun/2004:05:53:04 -0700] "GET /gib677c.jpg HTTP/1.1" 200 14324 "http://goldnrocks.net/gibeon" "Mozilla/4.0 (compatible; MSIE 6.0; Windows 98)"
193.50.153.20 - - [02/Jun/2004:05:53:04 -0700] "GET /gib677d.jpg HTTP/1.1" 200 13780 "http://goldnrocks.net/gibeon" "Mozilla/4.0 (compatible; MSIE 6.0; Windows 98)"
193.50.153.20 - - [02/Jun/2004:05:53:05 -0700] "GET /gib789a.jpg HTTP/1.1" 200 12637 "http://goldnrocks.net/gibeon" "Mozilla/4.0 (compatible; MSIE 6.0; Windows 98)"
193.50.153.20 - - [02/Jun/2004:05:53:05 -0700] "GET /gib789b.jpg HTTP/1.1" 200 12116 "http://goldnrocks.net/gibeon" "Mozilla/4.0 (compatible; MSIE 6.0; Windows 98)"
193.50.153.20 - - [02/Jun/2004:05:53:06 -0700] "GET /gib789d.jpg HTTP/1.1" 200 15663 "http://goldnrocks.net/gibeon" "Mozilla/4.0 (compatible; MSIE 6.0; Windows 98)"
193.50.153.20 - - [02/Jun/2004:05:53:06 -0700] "GET /gib789c.jpg HTTP/1.1" 200 16293 "http://goldnrocks.net/gibeon" "Mozilla/4.0 (compatible; MSIE 6.0; Windows 98)"
193.50.153.20 - - [02/Jun/2004:05:53:23 -0700] "GET /mundrabilla HTTP/1.1" 200 2351 "http://goldnrocks.net/meteoritesiron" "Mozilla/4.0 (compatible; MSIE 6.0; Windows 98)"
193.50.153.20 - - [02/Jun/2004:05:53:23 -0700] "GET /mun55b.jpg HTTP/1.1" 200 7686 "http://goldnrocks.net/mundrabilla" "Mozilla/4.0 (compatible; MSIE 6.0; Windows 98)"
193.50.153.20 - - [02/Jun/2004:05:53:23 -0700] "GET /mun55a.jpg HTTP/1.1" 200 9503 "http://goldnrocks.net/mundrabilla" "Mozilla/4.0 (compatible; MSIE 6.0; Windows 98)"
193.50.153.20 - - [02/Jun/2004:05:53:24 -0700] "GET /mun77a.jpg HTTP/1.1" 200 6203 "http://goldnrocks.net/mundrabilla" "Mozilla/4.0 (compatible; MSIE 6.0; Windows 98)"
193.50.153.20 - - [02/Jun/2004:05:53:24 -0700] "GET /mun77b.jpg HTTP/1.1" 200 6101 "http://goldnrocks.net/mundrabilla" "Mozilla/4.0 (compatible; MSIE 6.0; Windows 98)"
193.50.153.20 - - [02/Jun/2004:05:53:24 -0700] "GET /mun101b.jpg HTTP/1.1" 200 10735 "http://goldnrocks.net/mundrabilla" "Mozilla/4.0 (compatible; MSIE 6.0; Windows 98)"
193.50.153.20 - - [02/Jun/2004:05:53:25 -0700] "GET /mun101a.jpg HTTP/1.1" 200 8830 "http://goldnrocks.net/mundrabilla" "Mozilla/4.0 (compatible; MSIE 6.0; Windows 98)"
193.50.153.20 - - [02/Jun/2004:05:53:25 -0700] "GET /mun122a.jpg HTTP/1.1" 200 13929 "http://goldnrocks.net/mundrabilla" "Mozilla/4.0 (compatible; MSIE 6.0; Windows 98)"
193.50.153.20 - - [02/Jun/2004:05:53:25 -0700] "GET /mun122b.jpg HTTP/1.1" 200 10674 "http://goldnrocks.net/mundrabilla" "Mozilla/4.0 (compatible; MSIE 6.0; Windows 98)"
193.50.153.20 - - [02/Jun/2004:05:53:44 -0700] "GET /sasp HTTP/1.1" 200 2301 "http://goldnrocks.net/meteoritesiron" "Mozilla/4.0 (compatible; MSIE 6.0; Windows 98)"
193.50.153.20 - - [02/Jun/2004:05:53:44 -0700] "GET /spsa5b.jpg HTTP/1.1" 200 11817 "http://goldnrocks.net/sasp" "Mozilla/4.0 (compatible; MSIE 6.0; Windows 98)"
193.50.153.20 - - [02/Jun/2004:05:53:44 -0700] "GET /spsa5a.jpg HTTP/1.1" 200 11244 "http://goldnrocks.net/sasp" "Mozilla/4.0 (compatible; MSIE 6.0; Windows 98)"
193.50.153.20 - - [02/Jun/2004:05:53:45 -0700] "GET /spsa6b.jpg HTTP/1.1" 200 7763 "http://goldnrocks.net/sasp" "Mozilla/4.0 (compatible; MSIE 6.0; Windows 98)"
193.50.153.20 - - [02/Jun/2004:05:53:45 -0700] "GET /spsa6a.jpg HTTP/1.1" 200 8833 "http://goldnrocks.net/sasp" "Mozilla/4.0 (compatible; MSIE 6.0; Windows 98)"
193.50.153.20 - - [02/Jun/2004:05:53:46 -0700] "GET /sasp7.jpg HTTP/1.1" 200 7822 "http://goldnrocks.net/sasp" "Mozilla/4.0 (compatible; MSIE 6.0; Windows 98)"
